/u.
20
Let x(q) = -7*q**2 + 8*q + 5 + q**3 - q**3 + q**3. Calculate the remainder when x(6) is divided by 9.
8
Let b(a) = -a**3 + 8*a**2 - 9*a + 1. Suppose 3*f = 9, 0 = 2*g - 5*f - 1 + 24. Calculate the remainder when b(4) is divided by (-2)/g + 38/4.
9
Let s be (-5)/((-30)/44)*3. Suppose 0 = -0*c - c + s. Calculate the remainder when c is divided by 12.
10
Suppose 0*t = -2*t + 18. Suppose v = -2*v + t. Suppose v*o - 36 = -o. Calculate the remainder when 17 is divided by o.
8
What is the remainder when 38 is divided by 0 + (-26)/8*-4?
12
Suppose -4 = -4*h + 28. Let a(q) = q**2 - 3*q - 3. Calculate the remainder when a(-3) is divided by h.
7
Let f(x) = -x**3 - 14*x**2 + 15*x + 6. What is the remainder when 8 is divided by f(-15)?
2
What is the remainder when (64/(-8))/((-1)/6 + 0) is divided by 10?
8
Let x = 41 + -14. What is the remainder when x is divided by 15?
12
Calculate the remainder when 38 + 0 - 3/(-3) is divided by 10.
9
Let o be (-133)/(-14)*(1 + 3). Suppose m = -m + o. What is the remainder when m is divided by 10?
9
Suppose -4*q - 4*g + 13 = -3*q, 5*q + 2*g - 11 = 0. Let j be (168 - -6)/(1/q). Suppose 7*o - j = 4*o. Calculate the remainder when o is divided by 15.
13
Suppose -35 - 37 = -3*k. Calculate the remainder when 214 is divided by k.
22
Suppose 3*s - 133 = -4*s. Calculate the remainder when s is divided by 9.
1
Let k(o) = 2*o**2 - 3. Let l be k(4). Let d = 12 + l. What is the remainder when d is divided by (-3)/(1*3/(-21))?
20
Let m be 0 + 1 - (-4 + 1). Suppose -m*t + 2*p = -10, -t + p = 3*p. Suppose 41 = 3*w - l, 0*w + w - 9 = -t*l. What is the remainder when w is divided by 7?
6
Let j(p) = -4*p**2 - 3*p - 1. Let a(n) = 3*n**2 + 3*n + 2. Let l(g) = -5*a(g) - 4*j(g). What is the remainder when 45 is divided by l(6)?
9
Calculate the remainder when (-4)/14 + (-1340)/(-35) is divided by 10.
8
Suppose 2*a - 4*a - 2*b = -2, -2*a = 4*b + 4. What is the remainder when 728/21 + a/(-6) is divided by (24/(-10))/(4/(-20))?
10
Let j(z) = -8*z + 2. Let k be 15/(-4) + (-1)/4. What is the remainder when j(k) is divided by 12?
10
Let s be -3*-4*3/18. Suppose -3*k = s*k - 135. Calculate the remainder when k is divided by 14.
13
Let q(m) = m**2 + 14*m - 12. Calculate the remainder when 37 is divided by q(-15).
1
Suppose 34 = s - 4. Calculate the remainder when s is divided by 10.
8
Calculate the remainder when 89 is divided by 9/6 + (-54)/(-4).
14
Let l(n) = 8*n**2 - n. Suppose -24 + 84 = 3*z. Suppose -2*c + z = w, 4*w + 2*c = 66 + 14. What is the remainder when w is divided by l(1)?
6
Suppose 5*o + 22 = 2*b, 55 = 5*b + 5*o - 2*o. Calculate the remainder when 16 is divided by b.
5
Suppose -1043 = 23*h - 30*h. What is the remainder when h is divided by 25?
24
Calculate the remainder when -3 + (7/14)/((-1)/(-48)) is divided by 15.
6
What is the remainder when 39/3 + -6 + 2 is divided by 5?
4
Suppose 3*w - 1 = 2. Let y be (-44)/(-36) + 2/(-9). What is the remainder when w is divided by -3*(-1)/3*y?
0
Let l(g) = 4 + 25*g**3 + 4*g**2 + 24*g**3 - g - 50*g**3. Calculate the remainder when l(3) is divided by 3.
1
Suppose -3*m - 36 = -m. Let r = 61 + m. Calculate the remainder when r is divided by 11.
10
Let r(i) = -i**2 + 5*i - 2. Let l be r(3). Suppose 7 = a + l. What is the remainder when 8 is divided by a?
2
Let p(z) = -7*z. Let o be p(-5). Suppose 0 = -3*u + c + o, -3*c + 52 = 4*u - 7*c. Calculate the remainder when 43 is divided by u.
10
Let u = 3 + 1. Calculate the remainder when 10 is divided by u.
2
Suppose u + 51 = 2*u. Calculate the remainder when u is divided by 9.
6
What is the remainder when -14*1/(-2)*7 is divided by 26?
23
Suppose -2*m + 52 = -0*m + 4*r, 4*m = 5*r + 78. What is the remainder when ((-6)/(-27))/(-1) - 785/(-9) is divided by m?
21
Let x(c) = -c**3 - 21*c**2 - 23*c + 2. Calculate the remainder when x(-20) is divided by 7.
6
Let b = -1 + 29. Calculate the remainder when 137 is divided by b.
25
Let g(p) = p**2 + 4*p - 7. Let s be g(-6). Suppose -s*l = -4*l - 3. Suppose j + 45 = 5*a, -2*j - l*j = -4*a + 15. What is the remainder when a is divided by 4?
2
Let l = 166 + -110. Suppose a + 6 = 24. Suppose -12 = -7*b + 4*b, 5*b = 2*d - a. What is the remainder when l is divided by d?
18
Let i(q) = 3*q + 17. Calculate the remainder when 81 is divided by i(2).
12
Let t(i) = -i**3 - 10*i**2 - 17*i + 5. Calculate the remainder when 37 is divided by t(-8).
11
Let a = -95 - -108. What is the remainder when 51 is divided by a?
12
Let k be (-6)/(-8) - (-2)/8. Let x be k/2 - (-7)/2. Suppose h + 2*h - 36 = 5*b, x*b - 36 = -3*h. What is the remainder when 22 is divided by h?
10
Let q be 624/20 - (-1)/(-5). Suppose -z + q = 3*s + 4*z, 0 = -5*z + 10. Suppose -p = -2 - 10. Calculate the remainder when p is divided by s.
5
Calculate the remainder when 55 is divided by (116/(-4) - -1)*-1.
27
Let a = -16 - -26. Let s = 2 + 3. Calculate the remainder when a is divided by (s - -2) + (-12)/4.
2
Let p = -115 + 142. Calculate the remainder when p is divided by 15.
12
Let a = 21 + -17. Suppose -3*w = -2*c + 8, c = w + a*w + 4. Calculate the remainder when 11 is divided by c.
3
Let q(a) = 7*a + 1. Suppose -4*p = -2*y + 26, -y + 29 - 6 = -4*p. Calculate the remainder when 64 is divided by q(y).
20
Suppose 4*s = 3*i - 165, -2*i + 7*i + 4*s = 243. Calculate the remainder when i is divided by 9.
6
Let y(a) = a**3 + 6*a**2 + 7*a + 5. Let r be 3/6*-4 - 0. Let m = 14 - r. What is the remainder when m is divided by y(-4)?
7
Suppose -2*f + 5*b + 13 = f, -4*f = -b - 40. Suppose 0 = l + 4 - f. What is the remainder when 13 is divided by l?
6
Suppose -2*k + c + 103 = 0, -82 = -3*k + 3*c + 68. Suppose -6*u + 5*u + 14 = 0. What is the remainder when k is divided by u?
11
Suppose 3*a + 2*a + 10 = 0. Suppose -3*l + 34 = -11. Calculate the remainder when 3288/78 + a/13 is divided by l.
12
Suppose -4*d + 5*d - 31 = 0. Calculate the remainder when d is divided by 12.
7
Suppose -7 = -5*c + 8. Suppose 0*g - c*g + 26 = t, 2*g = 5*t - 113. Suppose -2*n - 54 = -0*x - 4*x, x - 15 = n. What is the remainder when t is divided by x?
11
Suppose 2 + 70 = 2*v. What is the remainder when 31 is divided by 1 + 1 - v/(-4)?
9
Let x = 12 + -5. Suppose -90 = -3*b + 12. Calculate the remainder when b is divided by x.
6
Suppose -4*m + 2*j + 277 = 59, -3*m - j = -176. Calculate the remainder when m is divided by 29.
28
Suppose 0 = 4*o - 13 + 1. Calculate the remainder when o is divided by 2.
1
Let k = -199 - -137. Let m = -31 - k. What is the remainder when m is divided by 11?
9
Let c(j) = j**2 + 7*j + 4. Let h be c(-7). Suppose 0 = h*f - 2*n - 0*n - 60, -f + 29 = -4*n. Calculate the remainder when 4/2*50/4 is divided by f.
12
Let p(k) = -k - 9. Let m be p(-11). Suppose 0 = -m*o - 5*r + 43, -3*r + 2*r + 1 = 0. Calculate the remainder when o is divided by 7.
5
Suppose 0 = -a - 1, -w - 27 = -5*w - 5*a. Calculate the remainder when 20 is divided by w.
4
Let z = -5 - -9. Suppose -z*s - 3*x = s - 167, 0 = -5*s - x + 169. Calculate the remainder when s is divided by 9.
7
Suppose -2*a = -a + h - 93, 0 = 2*h. What is the remainder when a is divided by 16?
13
Let g be (-11 + -1)/(2/(-3)). Suppose -4*d - g = 30. Let h = 36 + d. Calculate the remainder when h is divided by 13.
11
Let i = 33 - 20. What is the remainder when 50 is divided by i?
11
Let q = 2 - -3. Suppose w = q + 1. Calculate the remainder when 9 is divided by w.
3
Let j be 48/20 + (-6)/15. Let d(n) = 3*n - 3. What is the remainder when (3/j)/(3/22) is divided by d(3)?
5
Let p(a) be the second derivative of a**3/3 - 3*a**2 - 2*a. Calculate the remainder when -1 - -2 - (-17 + -4) is divided by p(6).
4
Suppose c = 5*r + 35, 3*c - 2*r - 65 = 3*r. Let m = 34 - c. Calculate the remainder when 36 is divided by m.
17
Let q be (-24)/(-15) + (-4)/(-10). Let m = 51 - q. Calculate the remainder when m is divided by 372/28 + 2/(-7).
10
Let t = 0 - -2. Suppose -2*w + w = -14. What is the remainder when w is divided by t/5 + (-76)/(-10)?
6
Let c(g) = 3*g**2 + 3*g - 1. Suppose 3*v - 2*x = -x - 26, -4*x + 20 = 0. Let k = -1 - v. Calculate the remainder when c(-3) is divided by k.
5
Let j = 43 - 11. Calculate the remainder when 156 is divided by j.
28
Let b be ((-16)/4 + 25)/(-1). What is the remainder when 11 - (2 + (-1 - 0)) is divided by 14/b + (-14)